third derivative of h**5/60 + h**4/4 + h**3/6 + 2*h**2. What are the prime factors of j(v)?
41
Suppose 11 = -28*s + 29*s. Let k = s + 35. List the prime factors of k.
2, 23
Let m = -3 + 1. List the prime factors of m/(-4) + -2 + (-987)/(-6).
163
Suppose 2*q + 2*c - 222 = -0*q, -4*c - 8 = 0. List the prime factors of q.
113
Let h(i) = 2*i - 7. Let c be h(5). Suppose -4*y - 6 = -c*y. List the prime factors of 3*((-10)/y + -1).
2
What are the prime factors of (-2 + 2575/(-10))*(-2 + 0)?
3, 173
Let k(r) = 131*r - 270. List the prime factors of k(10).
2, 5, 13
Suppose c = 6*c + 30. Let t be -1 - -2 - (c + 5). List the prime factors of (-9)/(t - (-6)/(-2)).
3
Let o(p) = -p**3 + 3*p**2 + 11*p - 1. Let h be o(5). Suppose h*l - 2*l = w + 84, l - w = 44. List the prime factors of l.
2, 5
Let h(m) = 1 + 2 + 6*m + m**3 + 6*m**2 + 4. Let a(g) = g**2 - 13*g + 25. Let k be a(10). List the prime factors of h(k).
2
Let s(p) = 4*p**3 - 2*p**2 - 3*p + 2. Let k be s(-3). Let r(m) = 3*m - 20. Let g be r(8). List the prime factors of (-1)/(g/(k + 3)).
2, 7
Let t(o) = 3*o**3 + 15*o + 9. Let z = 15 + -17. Let m(j) = -j**3 - 7*j - 4. Let a(b) = z*t(b) - 5*m(b). What are the prime factors of a(-3)?
2, 7
Let i = -18 + 23. Suppose 3*n + 2*d - 3*d - 141 = 0, -4*n + 3*d + 193 = 0. Suppose -8 = -4*g, -4*g + 37 = i*b - n. What are the prime factors of b?
3, 5
Suppose 2 = 5*d - 3*d. Let a be 114/15*(d + 4). Let m = a - 24. List the prime factors of m.
2, 7
Let j be 7*20/(-4) - 0. Let w = j + 82. What are the prime factors of w?
47
Suppose 3*w + 13255 = 4*i, 0 = i - w - 414 - 2901. What are the prime factors of i?
2, 5, 331
Let x be ((-630)/(-40) - 12)/(3/(-8)). Let b(d) be the third derivative of -d**4/24 - 4*d**3/3 + d**2. List the prime factors of b(x).
2
Let h = -5 - 0. Let w be 42/4*(h - 1). Let q = -45 - w. What are the prime factors of q?
2, 3
Let a be 22/187 + 132/34. Suppose 38 = b - a*g, -95 = b - 5*b - 3*g. What are the prime factors of b?
2, 13
Suppose 4*v + 4*x - 60 = 0, -3*x + 26 = 2*v - 1. Let g = v - 15. Suppose g*y = 32 + 43. List the prime factors of y.
5
Suppose 5452 = -20*t + 38012. What are the prime factors of t?
2, 11, 37
Suppose 4*b = 55 - 111. List the prime factors of 4/(-14) - 732/b.
2, 13
Suppose -2*g = -3*h + 354, -3*h - 9*g + 354 = -4*g. Let y = h - -14. What are the prime factors of y?
2, 3, 11
Suppose 5*r = 5*w - 4845, 7*w - 8*w = -4*r - 966. What are the prime factors of w?
2, 5, 97
Suppose -41*o = -32910 - 18340. List the prime factors of o.
2, 5
Let i(n) = 10*n - 3. Let u = 31 + -29. What are the prime factors of i(u)?
17
Let z(v) = -87 - 3*v**2 + 88 + v + v**3 + 0*v**2. List the prime factors of z(4).
3, 7
Let x(t) = 32*t. Let j be x(3). Suppose 3*z + 3*s - j = -0*z, -5*s + 12 = z. What are the prime factors of z?
37
List the prime factors of 2411826/552 + 3/4.
2, 5, 19, 23
Let j = 4100 + -2201. What are the prime factors of j?
3, 211
Let g be (2/(-4))/((-6)/36). What are the prime factors of 10 + (36/(-3))/g?
2, 3
Suppose 110*l - 11832 = 102*l. List the prime factors of l.
3, 17, 29
What are the prime factors of 134/(-6)*(2 + -8)*3?
2, 3, 67
Let t be 3 - (2 - -1) - -4. Suppose 3*o - 82 = -t*l + 383, o - 154 = -l. Suppose 3*z = 5*y + 135, 4*z + 2*y = 55 + o. List the prime factors of z.
2, 5
Let w = 317 + -243. List the prime factors of w.
2, 37
Suppose 0 = -8*y + 1412 + 2484. List the prime factors of y.
487
Suppose -5*q = 2*s - s + 11, 0 = 2*q - 2*s + 2. What are the prime factors of (-21)/((-2)/q)*-1?
3, 7
List the prime factors of 88 + 1828 - 2/2.
5, 383
Let f(w) = 269*w + 29. What are the prime factors of f(4)?
5, 13, 17
Let z be ((-60)/48)/((-1)/24). Let q be (-5)/z - (-425)/30. Suppose 2*r - 9*r = -q. List the prime factors of r.
2
Let n(r) = r**2 - 17*r + 4. Let p be n(17). Suppose p*m + 3*u - 644 = 0, m - 161 = -0*m + 2*u. What are the prime factors of m?
7, 23
Let m = 36 + 134. Suppose 2*x - 4*c = m, 5*x + 2*c - 88 - 301 = 0. What are the prime factors of x?
79
What are the prime factors of 52/(-104)*(1 + -1559)?
19, 41
Let l(k) = -k + 1. Let y(p) = -2*p + 12. Let o be ((-2)/4)/((-8)/16). Let w(t) = o*y(t) - 3*l(t). List the prime factors of w(-5).
2
Suppose 2 = -2*f - 2*i, -2*f - 7 = -7*f + i. Let y = 48 - f. What are the prime factors of y?
47
Let r = -40 - -24. Let t(w) = -67*w**3 - 3*w**2 - w. Let j be t(-1). Let x = j + r. List the prime factors of x.
7
Let s(q) = -21*q**3 + q. Let m be s(-1). Suppose -565 + m = -5*g - 5*c, 0 = -3*c. What are the prime factors of g?
109
Let s(h) = -h - 21. Let r be s(-15). Let m(d) = -d**3 - 5*d**2 + 2*d - 1. What are the prime factors of m(r)?
23
Suppose 0 = -2*l + 10, -3*u + l = -0*l + 182. Let k = -26 - u. List the prime factors of k.
3, 11
Suppose 0 = 4*s - t - 8123 - 5763, 8 = 4*t. List the prime factors of s.
2, 7, 31
Let s = 6 - 4. List the prime factors of (2 - 1)*130/s.
5, 13
Let z(r) = r**2 - 2*r - 3. Let y be z(-2). Suppose 3 = y*c - 22. Suppose -5*t + 102 = c*f - 53, 2*f - 4*t = 50. What are the prime factors of f?
29
Suppose -d - 2*f - 3 = -239, -d + 251 = -3*f. What are the prime factors of d?
2, 11
Let i(c) = 7*c**2 - 20*c + 164. List the prime factors of i(-20).
2, 29
Suppose -3*a = -8*a - 10, 0 = 5*h - 4*a - 1248. Suppose 2*m = 6*m - h. List the prime factors of m.
2, 31
Let y be (-1790)/5*(-3)/6. Suppose -y - 217 = -9*r. List the prime factors of r.
2, 11
Suppose -3*i - 476 = -158. Let u = i - -168. List the prime factors of u.
2, 31
Suppose 441 - 4599 = -18*q. Suppose w + q = z, w + 806 + 106 = 4*z. What are the prime factors of z?
227
Let o(z) be the first derivative of 59*z**3 + z**2 - 3*z - 8. What are the prime factors of o(1)?
2, 11
Let i = 63 + -7. Let v = i - 34. List the prime factors of v.
2, 11
Let c be 3/((-27)/(-1020))*(-15)/10. Let a = 264 + c. List the prime factors of a.
2, 47
Let c be 15/2*24/20. Suppose -34 = -2*n + 3*y, 5*y = -7*n + 6*n + 43. Let l = n - c. List the prime factors of l.
2, 7
Suppose 4*k - 14 = -2*w, 2*w = -0*k + k + 4. Suppose i = 5*u + 6 + 28, 0 = -k*i + 2*u + 52. What are the prime factors of i?
2, 3
Let t = 34 + -32. Suppose -4*o - w + 40 = 0, -3*o + 50 = 2*o - t*w. What are the prime factors of o?
2, 5
Let f(h) = h**2 - 4*h + 76. List the prime factors of f(-27).
11, 83
Suppose -2*g + 3662 = u, -g = -0*g + 5*u - 1831. What are the prime factors of g?
1831
Let j(h) be the first derivative of -h**3/3 + 11*h**2/2 + 2*h + 2. Let w be j(11). List the prime factors of (-620)/(-30) + w/(-3).
2, 5
Let s = 317 - 469. Let i = s - -354. List the prime factors of i.
2, 101
Let b = -22 + 30. Suppose b = -v + 56. List the prime factors of v.
2, 3
Let k(j) = -11*j + 12*j - 5 + 20*j**2 + 4*j. List the prime factors of k(2).
5, 17
Let u(m) be the first derivative of -12*m**2 + 15*m - 14. What are the prime factors of u(-8)?
3, 23
Let w(i) = -i**2 + 3 + 2*i + 0*i + 0*i**2 - 4*i. Let u be w(-3). Suppose -4*v + 5*v = -4*m + 9, -2*m + 5*v - 1 = u. List the prime factors of m.
2
Let a(t) = -17*t**3 + 5*t**2 - 14*t - 4. List the prime factors of a(-4).
2, 5, 61
Suppose -4 = -h + 3*h. Let a = 2 - h. Suppose -5*j - a*y = -25, 13 = -2*y + 3. List the prime factors of j.
3
Let d = -4 + -64. Let n(w) = 7*w + 27. Let f be n(10). Let o = f + d. List the prime factors of o.
29
Let o = 1269 - 754. List the prime factors of o.
5, 103
Suppose -2*m - 3*h - 72 = -5*m, 101 = 4*m - 3*h. What are the prime factors of -4 + m - 12/(-3)?
29
List the prime factors of -15*(-4)/(-8)*(-518)/21.
5, 37
Let c = -11 + 21. What are the prime factors of 492/c - 13/65?
7
Let h(v) = v**3 + 2*v**2 - v. Let p be h(1). Suppose 4*k + 172 = p*c, -6*c - 4*k + 204 = -4*c. What are the prime factors of c?
2, 47
Suppose -19*b - 12 = -18*b. What are the prime factors of 84/b*244/(-14)?
2, 61
Let i(q) = 3*q**3 - 6*q**2 + 6*q - 5. Let v be i(4). Suppose 0 = 6*l - v - 155. What are the prime factors of l?
3, 5
Suppose s = 2*t - 1663, -2*t + 439 + 1228 = -5*s. List the prime factors of t.
3, 277
Let s(z) be the second derivative of z**4/6 + 7*z**3/6 + 7*z**2 - 6*z. List the prime factors of s(-8).
2, 43
Suppose -2533 = -20*c + 4207. List the prime factors of c.
337
Let n be (12 + -5)*(-6)/(-21). List the prime factors of 4 - -113*(3 - n).
3, 13
Suppose 5*m - 65 = -25. Suppose -4*g = m + 40. Let n = 